1 + 0*v + 0*v + 11*v. Let k be (-16 - -11)/(2/(-4)). Suppose -k = -5*y - 5*y. Give b(y).
10
Suppose 0 = 5*i - 15 + 45. Let c(d) = 0*d - 4 - 2*d**2 + 4*d + 3*d**2 - 3. Determine c(i).
5
Let b(n) be the first derivative of n**4/4 - 3*n**3 - 9*n**2/2 - 13*n - 438. Calculate b(10).
-3
Let s(q) = 5*q + 23. Let t(d) = -4*d - 18. Let f(o) = 3*s(o) + 4*t(o). Give f(-4).
1
Let w(j) be the second derivative of -j**4/12 + 2*j**3/3 - j**2/2 + 58*j. Let n(f) = f**3 + 27*f**2 + 24*f - 46. Let d be n(-26). What is w(d)?
-13
Let z(u) = 11*u - 1. Suppose 3*v + 30 = 6*v. Let i be 4/v*(-2 - -12). Suppose -3 = 5*o - 2*r, 0 = i*r + r - 20. Give z(o).
10
Suppose 4*d = -d + 20. Let n be d*(-1)/(-4) - -4. Let r(x) = 13*x - x**2 - 3 + 1 - 4 - n*x. What is r(7)?
1
Let n(h) = 5*h**2 - 4*h**2 - 8*h + 2264 - 2261. Suppose 3*z = o - 19, -2*z = -3*z - 4. Give n(o).
-4
Let w(a) = -97*a**2 - 100*a**2 - 2*a + 294*a**2 - 98*a**2 - 6*a. Determine w(-8).
0
Let l(b) = -b**3 - 6*b**2 - 8*b - 12. Let x be l(-5). Let m(z) = 4*z - 2. Give m(x).
10
Let c(l) be the first derivative of -l**5/60 + 4*l**3 - 13. Let o(p) be the third derivative of c(p). Determine o(1).
-2
Let b(p) = -p - 17. Let g be b(-20). Let n(k) = -48*k - 8*k**g + 48*k. Suppose 4*f + 2*r - 4 = 0, 3*f + 3*r - 4 = -1. Give n(f).
-8
Let i(z) be the second derivative of z**4/8 - z**3/6 - 11*z**2/2 - 2*z. Let n(m) be the first derivative of i(m). Give n(2).
5
Let t(g) = 4 - 3 + 15*g - 10*g + 2. Give t(-2).
-7
Let k(m) = -12*m + 76. Let x be k(7). Let p(d) = -d**3 - 7*d**2 + 4*d - 8. Give p(x).
24
Suppose -5*s - 1183 = -18*s. Suppose 3 = 92*h - s*h. Let o(u) = u**3 + 6*u**2 + u + 2. Let g(m) = m**3 + m**2 + 1. Let d(f) = 2*g(f) - o(f). Determine d(h).
-12
Let t(s) = s - 16. Let g be t(15). Let h(f) = -f - 1. Let j(r) = -6*r - 2. Let y(i) = g*j(i) + 3*h(i). Determine y(5).
14
Let n(p) = -7*p**2 + 46*p - 84. Let t(l) = 4*l**2 - 23*l + 42. Let z(b) = -3*n(b) - 5*t(b). Let c be z(21). Let q(y) = -y**3 - y + 23. Give q(c).
23
Let g(a) = 2*a - 9. Let j be (0 + (3 - 1))*24/4. What is g(j)?
15
Let u(t) = t**3 - 8*t**2 - 10*t + 8. Let h(l) = 2*l. Let b be h(1). Suppose -5*y = -3*p - 60, -p + 23 = b*y - 2*p. Calculate u(y).
-1
Let n(x) = -x**2 + 11*x - 14. Let t be n(6). Suppose 0 = -c - 7*c - t. Let g(h) = -4*h + 2. What is g(c)?
10
Let h(x) = -x - 3. Let b(r) = r**2 + 13*r + 4. Let u be b(-13). Suppose 0*g + g = 30. Suppose m = -u*m - g. Give h(m).
3
Let v(k) = 14*k**3 - k**2 - k - 6. Let j(l) = -15*l**3 + l**2 + l + 7. Let x(y) = 5*j(y) + 6*v(y). Give x(-1).
-10
Let z(u) be the first derivative of -u**2/2 - 20*u + 396. Give z(-13).
-7
Let u = -59 - -66. Let s(t) = t**2 - 3*t - 10. Give s(u).
18
Let h(r) = -r**2 - r + 3. Suppose 18*f + 5 = 95. Suppose 0 = -f*k - k. Give h(k).
3
Let j(h) = h - 7. Let c be 6*1*(-8)/(-24). Suppose -4 = 3*v - 5*z, -6*v + c*z + 18 = -2*v. Determine j(v).
0
Let p = 6 - 3. Suppose -3*r - 5*x = 6 + p, -2*r = -3*x - 13. Let h be (8 + -11)*r/(-6). Let m(v) = 2*v. Give m(h).
2
Let r be 2 + -2 + (18 - (0 - 0)). Let k = r - 12. Let f(t) be the first derivative of t**3/3 - 7*t**2/2 - t - 1. Give f(k).
-7
Let l(w) = 2*w**3 + 2*w**2 - 3*w - 2. Let a = -3 + 24. Let f = a + -23. Calculate l(f).
-4
Let t(n) = n**3 - 4*n**2 + 2*n + 3. Let b(l) = -l + 1. Suppose 0 = -2*r - 3*r - 5. Let d(i) = r*t(i) + 2*b(i). Suppose 0 = -8*y + 3*y + 15. Calculate d(y).
-4
Let a(u) = 2*u + 3. Let c(w) = 5*w + 7. Let m(z) = 7*a(z) - 3*c(z). Let k(i) = -i - 2. Let b be k(2). Let t be (b/6)/((-1)/(-6)). Determine m(t).
4
Suppose -c - 2*h = -3, 5 = -3*c - 3*h - 1. Let z = -1 - c. Let j(y) = -4 + 7*y**2 - y**3 + 13*y + 13*y - 31*y. Determine j(z).
2
Let c(l) be the third derivative of -l**7/5040 - l**6/360 - 13*l**5/60 - 16*l**2. Let n(x) be the third derivative of c(x). Determine n(-4).
2
Let g(d) be the first derivative of d**2/2 + 8*d - 641. Let n = 1 + -1. Calculate g(n).
8
Suppose 3*k - 47 = -2*k - z, -4*z - 12 = 0. Let g(o) = o**2 - 7*o + 6. Give g(k).
36
Let h(y) = -3*y**2 - 4*y + 7. Suppose -50*r + 2*r = 240. Determine h(r).
-48
Let s(m) = 8*m - 1. Let u be s(1). Suppose q - 3*g + 0 = -u, 2*g = q + 4. Let o(f) = 10*f**2 + f**q - f - 10 - 4*f**2 + 3*f - f**3. What is o(7)?
4
Let h(n) be the third derivative of -n**6/120 + 11*n**5/60 - 7*n**4/12 + 35*n**3/6 + 218*n**2. Calculate h(10).
-5
Let g(i) = 2*i**2 + 20*i - 18. Let w be g(-11). Suppose -w*u = f + 9, 5*f + 10 = f - 3*u. Let z(t) = -2*t + t**2 - 4*t**2 + 2 - 3. Calculate z(f).
-2
Let d(u) = 4*u + 100. Let n be d(-24). Let p(w) be the first derivative of w**3/3 - 9*w**2/2 + 6*w + 1. What is p(n)?
-14
Let k(q) = q**3 - 6*q**2 - 2*q + 5. Let n(u) = 31*u + 4. Let w be n(0). What is k(w)?
-35
Suppose 5*d + 3*r - 5 = 0, 2 = 5*d + r - 3. Let t(h) = -4*h**3 + h**2 + 2*h - 2. Give t(d).
-3
Let h(s) = s**2 + 10*s - 16. Let i be (((-464)/(-24))/29)/(4/(-54)). Calculate h(i).
-25
Let f(d) = d**3 - d**2 - 7*d + 13. Let c be (-6)/8*(28/(-6) + 2). Give f(c).
3
Let m = -3 - 14. Let z = 20 + m. Let d(v) = v + 10*v**2 + 0 - 3 + z. Calculate d(-1).
9
Let t = 8 - 6. Let n(b) = b - 10 - b + 6 - t*b. Determine n(-5).
6
Let n be (-4 - (15/(-3) + -1))/1. Let a(w) = w**3 - w**2 - 3*w + 1. What is a(n)?
-1
Let k(t) be the second derivative of 0 + 3*t**2 - t + 1/3*t**3 - 1/8*t**4 + 1/60*t**5. Let g(d) be the first derivative of k(d). Calculate g(3).
2
Let x(y) = 3*y - 8. Let z(c) = -7*c + 17. Let j(a) = 9*x(a) + 4*z(a). Give j(-9).
5
Let l(b) = 5*b**3 + 10*b**2 - 4. Let i = -22 - -39. Let y(q) = 14*q**3 + 29*q**2 - 12. Let a(u) = i*l(u) - 6*y(u). Determine a(3).
-5
Let y(z) = -z**2 - 13*z + 3. Let i be y(-13). Let m(r) = 17*r - 3. Let p(q) = -6*q + 1. Let d(w) = 3*m(w) + 8*p(w). What is d(i)?
8
Suppose 0 = -2*r - s + 4 + 2, 3*r = 2*s + 16. Let a(l) = 2*l - 4. Calculate a(r).
4
Let g(u) = -217*u**2 + 6*u + 222*u**2 - u**3 + 4 + 0*u**3 + 0*u**3. Determine g(6).
4
Let s(g) = 4*g - 266*g**2 + 525*g**2 + 7 - 260*g**2. Calculate s(5).
2
Let f(y) be the second derivative of y**4/3 + y**2 - 41*y. What is f(-2)?
18
Let m(v) be the third derivative of -17*v**9/60480 - v**8/10080 + v**7/5040 - v**5/60 - 5*v**4/8 - 8*v**2. Let o(w) be the third derivative of m(w). Give o(1).
-18
Let f(j) = -388*j**2 - 13*j**3 - 16*j + 5*j + 14*j**3 + 378*j**2 - 2. Determine f(11).
-2
Let h be (-66)/(((-28)/6)/7). Let x(o) = -89 + h + 0*o - o. What is x(7)?
3
Let d(z) = -5*z**2 - 31*z + 12. Let l(p) = 9*p**2 + 56*p - 24. Let i(f) = -7*d(f) - 4*l(f). Give i(-13).
-66
Let t = 550 + -567. Let l(z) = z**2 + 20*z + 48. What is l(t)?
-3
Let f(w) = -4*w. Suppose 381*j - 375*j = 6. What is f(j)?
-4
Let b be 2/(-8) + 7*91/196. Let v(l) = -4*l + 1. Let z be v(-1). Let x(u) = b*u**3 - 4*u**3 + 4*u**2 + 4*u - 4*u - z. Determine x(4).
-5
Let x(j) be the third derivative of 1/120*j**6 + 0*j**4 - 1/10*j**5 - 6*j**2 + 0 + 2/3*j**3 + 0*j. Give x(6).
4
Let i(d) = -d**2 - 3*d - 12. Let x(j) = -j**3 - 4*j**2 + 33*j + 137. Let a be x(-4). What is i(a)?
-52
Suppose -9*x - 108 = -27*x. Let l(t) = -5*t + 31. Determine l(x).
1
Suppose -1 - 1 = 3*k + g, 4*k + 24 = 4*g. Let d(n) = 4*n**3 + 2*n**2 + 5*n + 6. Let c(l) = -2*l**3 - l**2 - l - 1. Let w(q) = 3*c(q) + d(q). Calculate w(k).
11
Let n(j) = -j**3 + j**2 - 2*j + 1. Let g(v) = -6*v**3 + 5*v**2 - 9*v + 2. Let o(p) = g(p) - 5*n(p). What is o(0)?
-3
Let l(q) = -4*q**3 - 5*q**2 - 2*q - 1. Let t(n) = 3*n**3 + 5*n**2 + n. Let v(z) = 4*l(z) + 5*t(z). Calculate v(3).
5
Let l(n) = -10*n + 5. Let m(k) = 19*k - 8. Let v(j) = -5*l(j) - 3*m(j). Determine v(-3).
20
Let p be 3 - (3 + (2 - 2)). Let f(z) = z**3 + 23 - 23 - 2*z**2 + p*z**2. Calculate f(3).
9
Let g(a) = -a**3 + 5*a**2 - 2*a - 3. Let z = 10 - 5. Let f = -9 - -9. Suppose z*j + 2*r - 21 = f, 5*r - 27 = -3*j - j. Calculate g(j).
9
Let u(i) = 6*i + 7 + i**3 - 2*i**3 + 16*i**2 + 6*i + 6*i. Calculate u(17).
24
Suppose -2*q - 2*q + 5 = -3*b, -4*b = -5*q + 5. Let c(i) = -4 + 14 - 4 - i. Determine c(q).
1
Let z(n) be the second derivative of 0 + 4*n - 1/3*n**3 + 3/2*n**2. Give z(4).
-5
Let m = 12427/12 + -1035. Let g(l) be the second derivative of -4/3*l**3 + 8*l + 5/2*l**2 + 0 - m*l**4 + 1/20*l**5. Determine g(8).
5
Let x(u) = -4*u**3 + 2*u**2 + u. Let d be ((-40)/(-32))/(1/(-4)). Let q = d - 7. Let p = q - -11. What is x(p)?
5
Let f(p) = 6*p**2 - 2*p + 1. Let o(v